 + 103 = 3*v. Let u = v + w. What are the prime factors of u?
2, 3, 7
What are the prime factors of ((-12964)/(-8))/(34/136)?
2, 7, 463
List the prime factors of 1/((-1)/6712)*(-2229)/1486.
2, 3, 839
Suppose 0 = -2*g - 8*g - 3550. Let l be (g/20)/((-2)/8). Suppose -4*z = -3*z - l. List the prime factors of z.
71
Let m(k) = 277*k + 540. What are the prime factors of m(97)?
27409
Suppose -3*x = -f - 605, 621 = 3*x + 2*f + f. Suppose -36*p + 40*p - 14 = 3*q, -2*q = 5*p - 6. Suppose x - 43 = p*o. List the prime factors of o.
2, 5
Let h(m) = -m**2 - 10*m - 7. Let g be h(-9). Suppose -o + 105 = -d, g*d = -o - d + 89. Let z = 243 - o. What are the prime factors of z?
2, 71
Suppose -4*o + 30246 = -0*o + 2*b, -4*o + 5*b + 30225 = 0. List the prime factors of o.
2, 3, 5, 7
Let n = 312 + -312. Let m(j) = -12*j + 444. List the prime factors of m(n).
2, 3, 37
Let f = -13 - -20. Suppose 0 = f*r + 25*r - 25088. List the prime factors of r.
2, 7
Suppose -45*m = 93 - 723. Let q(z) = z**2 + 3*z - 92. What are the prime factors of q(m)?
2, 73
Let z(p) = p**3 - 6*p**2 + 8*p - 12. Let l be z(5). Suppose -l*k - 321 = -813. Suppose 4*y = 448 - k. List the prime factors of y.
71
Let c(n) = -n**3 - 17*n**2 - 62*n - 38. List the prime factors of c(-24).
2, 2741
Let o be (-56)/(-1) + 80/(-20). Let b = o + -50. What are the prime factors of 3 + (b - -1*175)?
2, 3, 5
Let o(r) = -313*r + 357. What are the prime factors of o(-11)?
2, 5, 19
Let k(x) = -2*x - 16. Let t be k(-3). Let f be ((-4)/5)/(1/(-5)). What are the prime factors of 22 + f/t*80/(-16)?
2, 3
Suppose 5*b - 15 = 5*d, 0*d = 2*d - 10. What are the prime factors of (-142)/((b + -7)/(-3))?
2, 3, 71
Let u(m) = m**3 - 14*m**2 + 15*m - 14. Let k be u(13). Suppose -k*z = -3*z - 5760. What are the prime factors of z?
2, 5
Suppose -3*i - 57 = 270. Let n = -71 - i. Let q = n - -40. List the prime factors of q.
2, 3, 13
Let d = 51512 - 27398. List the prime factors of d.
2, 3, 4019
Suppose 37*b - 38*b + 83 = 0. Suppose -4 = -s, -n + 5*n - 2*s = 0. Suppose b = n*i + u - 72, -5*u - 200 = -3*i. List the prime factors of i.
3, 5
Let s be (0 - 246)/((120/156)/(-10)). Suppose 3*w - 580 - s = -2*k, -w + 2*k = -1246. What are the prime factors of w?
2, 157
Let x(v) = 2*v - 21. Let z be x(12). Let g(s) = 17*s + 10*s - z*s - 10 + 5*s. What are the prime factors of g(3)?
7, 11
Suppose 468 = -12*b - 4476. Suppose 45 = 5*a + 3*v, 4*a + 2*v + 2 - 36 = 0. List the prime factors of b/6*(-9)/a.
103
Let y = -5445 + 8348. What are the prime factors of y?
2903
Let l(w) = 12 - 11*w**3 + 13*w**2 + 10*w + 10 + 11*w**2 + 10*w**3. What are the prime factors of l(23)?
11, 71
Let h = 5296 - 4172. List the prime factors of h.
2, 281
Let o = -16695 - -27823. List the prime factors of o.
2, 13, 107
Suppose -125909 + 616154 = 29*b. What are the prime factors of b?
3, 5, 7, 23
Let q(y) = -y**3 + 11*y**2 + 32*y - 14. Let h = -115 + 171. Suppose 2*u - 99 + 40 = -5*a, -5*a = 3*u - h. What are the prime factors of q(a)?
2
Suppose l - 2*m = 523, -4*m = 4*l + 149 - 2181. Let q = 266 + l. List the prime factors of q.
19, 41
Suppose 4*l - 7*d - 15 = -4*d, 2*d = 6. Suppose 3*y = l*y - 1374. List the prime factors of y.
2, 229
What are the prime factors of (-10156740)/(-1540) + (-4)/14?
5, 1319
Suppose 20 = -5*s, -s = -3*t + 4*s + 1280. Suppose -1821 = -3*f + t. List the prime factors of f.
3, 83
Let l(i) = 244*i + 69. List the prime factors of l(9).
3, 5, 151
Suppose -5*y + 38535 = -4*u, -2*y + 5*u = u - 15402. List the prime factors of y.
11, 701
Suppose -3*c - 16549 = 4*t - 261257, 5*c = -16*t + 978860. What are the prime factors of t?
2, 5, 7, 19, 23
Let w = 16342 + 1526. List the prime factors of 14/(-91) - (w/(-39) - 2).
2, 5, 23
Suppose 0 = -2*z + 2*m + 42678, 4*m - 106641 = 194*z - 199*z. List the prime factors of z.
3, 13, 547
Let y(f) be the third derivative of f**5/4 + f**4/6 + 16*f**2 + 2. List the prime factors of y(-2).
2, 13
Let v = 809 - 799. What are the prime factors of (-49)/(-7) - (-6510)/v?
2, 7, 47
Let w(b) = -2*b**3 - 41*b**2 + 23*b + 42. Let n be w(-21). What are the prime factors of n - (7 - (275 - 6))?
2, 131
Let b = 7946 - 2436. What are the prime factors of b?
2, 5, 19, 29
Let q(h) = -10*h**3 - 582*h**2 - 118*h - 77. Let f be q(-58). Let u be 2/5 + (-16)/(-10). Suppose u*y + f - 249 = 0. What are the prime factors of y?
3, 5, 7
Suppose -611 = -8*b - 187. List the prime factors of (1 - 5)*(3 - b).
2, 5
Suppose -2*u = -6 - 4. Suppose 4*c + g = 3, 0*g = -u*g - 5. Let d(r) = 29*r**3 + r**2 + r - 1. What are the prime factors of d(c)?
2, 3, 5
Suppose -86909 = -24*b + 334651. What are the prime factors of b?
3, 5, 1171
Let i = 14943 - 8555. What are the prime factors of i?
2, 1597
Suppose -80 = -q - 78. Let k = 11 - 7. Suppose 0 = -3*p - 3, k*o - p + q*p = 415. List the prime factors of o.
2, 13
Let m(c) = 50*c - 18 + 16 - 46*c**2 + 45*c**2. List the prime factors of m(39).
7, 61
Suppose 65 = w + 172. Let m = w - -219. Suppose 4*b - 88 = m. List the prime factors of b.
2, 5
Let o(z) = -z**2 - 15*z - 17. Let a(h) = h**3 + 3*h**2 - 8*h - 3. Let t be a(-5). Let p be o(t). Suppose p*d - 11*d + 156 = 0. List the prime factors of d.
2, 3, 13
Let n(u) = -u + 55. Let t(r) = -3*r + 192. Let c(p) = -18*n(p) + 5*t(p). Let a be c(11). List the prime factors of a/5 - 6543/(-45).
2, 73
Let d(s) = 3*s**3 - 121*s - 4*s**3 - 4*s**2 + 249*s + 11 - 121*s. Let p = 5 + -11. List the prime factors of d(p).
41
Let f(r) = -r**3 - 3*r**2 + r + 343. Let o = 214 + -214. What are the prime factors of f(o)?
7
List the prime factors of (4/6)/((-35)/21) - 461808/(-45).
2, 7, 733
Suppose 0 = -2*f - 8, -3*g - 607 = -4*f - 8033. Suppose -4*h = -3*m + g, 4*h - 6800 + 2662 = -5*m. List the prime factors of m.
2, 7, 59
Let k be (-3)/(-5 + 3 + 2455/1220). Let w = k + 411. What are the prime factors of w?
167
Let y be (-1)/(6/(-17754)) - 4/2. Suppose 8*m - y = 3707. What are the prime factors of m?
7, 17
Let o(c) = -c**3 - 4*c**2 - 5*c. Let m(r) = 26*r + 2. Let j be m(1). Suppose -j = 8*k - k. What are the prime factors of o(k)?
2, 5
Let r = 2917 - 530. Suppose 3*x = 5*w + r, -26*x - w + 1613 = -24*x. What are the prime factors of x?
2, 3, 67
Let o(z) = 763*z**2 + 59*z + 287. What are the prime factors of o(-4)?
13, 23, 41
Suppose -8*y + 13423 = 10*y - 3533. What are the prime factors of y?
2, 3, 157
Let k = 11927 - 5212. List the prime factors of k.
5, 17, 79
List the prime factors of (-7 - (-216)/32)/(9/(-39708))*25.
5, 1103
Let v(l) = -42*l**2 + 27 + 43*l**2 - 2 - 2*l. What are the prime factors of v(14)?
193
Suppose -7*g + 17*g - 1990 = 0. Let s = g + 371. What are the prime factors of s?
2, 3, 5, 19
Let j be 13/(-52) - 159/(-12). Suppose 2*p = -5 + j. Suppose 0 = -y - n - 0*n + 55, -p*y - n = -217. List the prime factors of y.
2, 3
Let f(y) = 108*y**2 - 2*y + 5. List the prime factors of f(-5).
3, 5, 181
Let n(l) = -l**3 - 8*l**2 - 6*l + 11. Let x be n(-7). Suppose -125 = x*u + 171. Let w = u - -188. List the prime factors of w.
2, 3, 19
Let i(z) = -63*z - 32. Let o be 2 - 2/(2/7). Let w be i(o). Let p = -105 + w. List the prime factors of p.
2, 89
Let m(s) = s**2 + 12*s - 7. Let i be m(5). Let o = i + -64. Suppose -o*t = -3*t - 759. What are the prime factors of t?
3, 23
What are the prime factors of (-22423)/(-3) + 2/3 - (-132 - -133)?
2, 37, 101
Let g be (-1315)/3 + (-4 - 60/(-18)). Let r = -286 - g. List the prime factors of r.
3, 17
Let n(v) = 15168*v**2 - 71*v + 73. List the prime factors of n(1).
2, 5, 37, 41
Let y = 3674 - 2842. What are the prime factors of y?
2, 13
Suppose -7*s + 5*s = -4*s. Suppose 0 = -p - 4*f + 112, s*f + 256 = 3*p - 4*f. What are the prime factors of p?
2, 23
Let j(a) = -3*a + 39. Let p be j(-8). Let v = 111 + p. List the prime factors of v.
2, 3, 29
Let f = -1969 - -14538. What are the prime factors of f?
12569
Let m(q) = 2*q + 9. Suppose -7 = -8*t - 295. Let f be (-66)/(-8) - 27/t. What are the prime factors of m(f)?
3
Suppose 12*s = 11*s. Suppose s = 5*f - 15, -2*j + 4*f + 2663 - 959 = 0. List the prime factors of j.
2, 3, 11, 13
Let t = 133 + -134. What are the prime factors of (144/(-42))/t*42?
2, 3
Suppose 3*i = 43 + 533. Let r be 732/14 + (0 - 4/14). Suppose 49*g - r*g + i = 0. List the prime factors of g.
2
Let u(d) = -7*d**3 - 21*